62 + 154542 = 0. List the prime factors of c.
2, 1741
Let v(t) = 5*t**2 + 10*t - 118. Let x be v(13). Let n = x + -512. What are the prime factors of n?
3, 5, 23
Let s be 6 - (-5 + 9 - 4). Let b be (-64)/12 + s + 13/3. Suppose b*a = -3*u + 499, u - 54 = a + 107. What are the prime factors of u?
163
Suppose -152*x = 45*x - 6106572 - 217916. List the prime factors of x.
2, 4013
Let r = -506 + 502. What are the prime factors of (r + 9 + 1051)*(-2)/(-3)?
2, 11
Suppose 3*q = 125 + 112. Let c = q - 15. Let t = c - -41. List the prime factors of t.
3, 5, 7
Let j(h) = -h**2 - 8*h - 9. Suppose -12*r + 13*r = -5. Let i be j(r). Suppose 91 + 47 = i*c. What are the prime factors of c?
23
Let d = 2851 + 12667. List the prime factors of d.
2, 7759
Suppose -34*r = -117*r + 536512. What are the prime factors of r?
2, 101
Suppose 5*s - 109 = -3*i, -4*i - 3*s + 107 = -31. Suppose 15*v - i*v = -12240. What are the prime factors of v?
2, 5, 17
Let b(z) = 3*z - 51. Let p be b(17). Let h(d) = -7*d + 231. List the prime factors of h(p).
3, 7, 11
Suppose 15*b - 4*r = 13*b + 4688, -b = 4*r - 2326. Suppose d = 3*s - b, 3*s - 2*d + 3134 = 7*s. What are the prime factors of s?
11, 71
Let m = -26 - -98. Let y = m - 44. Let v = 39 + y. What are the prime factors of v?
67
Suppose -b = -0*b + 3*t - 5, -3*b + 4*t = -2. Suppose -776 = -2*k - 3*g, 0 = -2*g + g - b. List the prime factors of k.
17, 23
Let s(h) = 21*h**3 + 13*h**2 - 27*h + 79. What are the prime factors of s(7)?
2, 5, 773
Let c be (114/27*-3)/((-16)/1416). Let p = 1685 - c. List the prime factors of p.
2, 3, 47
Let k = -1169 - -3301. List the prime factors of k.
2, 13, 41
Suppose 8 = 5*m - 7, -5*m = z - 17. Suppose 4*u - 407 = -z*f + 3*u, -5*f + 1022 = u. List the prime factors of f.
5, 41
Let g be (1 - 8/10) + 150917/65. Suppose 156 - g = -6*a. What are the prime factors of a?
19
Let r = 1483 - 1489. Let w = 111 - 241. List the prime factors of (-1 - w)*(-4)/(2*r).
43
Let n be (2/3)/(7/(-63)). Let z(r) = 3*r + 21. Let m be z(n). Suppose -a - m*g + 5*g + 23 = 0, 5*g + 25 = 0. What are the prime factors of a?
13
Let l(u) be the third derivative of -u**4/3 + 217*u**3/6 + 150*u**2. List the prime factors of l(-48).
601
Let m(b) = -11*b - 3. Let q be m(-1). Suppose 5*g - 19*u - 552 = -23*u, q = -4*u. What are the prime factors of g?
2, 7
Let k(v) = -v**3 - 10*v**2 - 14*v - 31. Let s be k(-9). Suppose 10*a = 8*a + s. Suppose 4*f + a = 107. What are the prime factors of f?
5
Let v(u) = -1491*u + 77. Let j = -282 + 281. What are the prime factors of v(j)?
2, 7
Let i = -5001 + 10983. List the prime factors of i.
2, 3, 997
Suppose 5*t = -4*a + 148654, 2*t - 1146 = -a + 36013. List the prime factors of a.
37171
Let l = 12 - 10. Suppose 2*t - 236 = -k, -6*t + k = -l*t - 484. List the prime factors of -4 - (-18584)/t - 4/(-30).
151
Suppose 1265 = -161*o + 885316. List the prime factors of o.
17, 19
Suppose 34 = -5*x + 249. Suppose x + 9 = -2*i. Let u = 25 - i. List the prime factors of u.
3, 17
Let h = 47 - 53. Let n(i) = 10*i**2 + 13*i. What are the prime factors of n(h)?
2, 3, 47
Let v be (-2)/3 + (-455)/(-21). Let i(m) = -m**3 + 21*m**2 + 27*m + 26. List the prime factors of i(v).
593
Suppose o - 4*h = 9 + 15, 4*o + 4 = -4*h. Let g be -4*(-4 + 584)/o. List the prime factors of ((1 - 0) + 2)/((-30)/g).
2, 29
Let v = -11 + 16. Suppose -3*q + 15 = -4*m + v*m, q - 19 = -5*m. Suppose p + 457 = 4*l, 5*l - 2*p - 581 = -q*p. List the prime factors of l.
5, 23
Let n = -377 + 374. Let p = 188 - n. List the prime factors of p.
191
Let r(j) = 3*j**2 + j + 34. Let d(m) = m**2 - m - 1. Let u(f) = 3*d(f) + r(f). What are the prime factors of u(7)?
311
Suppose -119973 = -5*p - 3*n, -5*p - 2*n + 119977 = -0*p. List the prime factors of (-6)/(-27) - (-6 - p/27).
5, 179
Let j(w) = -5*w**3 - 4*w**2 + 5*w + 3. Suppose 9*p + 72 = -9*p. List the prime factors of j(p).
239
Suppose 0 = 22*d - 30*d + 8904. Let q = 1875 - d. List the prime factors of q.
2, 3, 127
Let k = -82 - -48. Let g = k + 113. List the prime factors of g.
79
Suppose 0 = 2*n + 4*p + 304, 0 = -n - 0*n + 2*p - 168. Let k be ((-2)/(-4))/((-1128)/n - 7). List the prime factors of 53/((-25)/k - -3).
2, 53
Let d(k) be the first derivative of -13*k**2 + 8*k + 1. Let j(v) = 38*v + 73. Let f be j(-2). List the prime factors of d(f).
2, 43
Let c(q) = 233*q**3 - 4*q**2 + 2*q + 1. Let j(m) = -2*m**3 - m**2 - 1. Let l(r) = c(r) + j(r). What are the prime factors of l(1)?
2, 3, 19
Let a(x) = 65*x - 153. Let q be a(-4). Let z = q - -1357. What are the prime factors of z?
2, 59
Suppose 620492 = -26*m + 2440934. List the prime factors of m.
3, 23339
Suppose -2*b = -15*b. Suppose -14*j + 17 + 11 = b. Suppose 6*v = j*f + 4*v - 384, 0 = -4*f - 5*v + 813. What are the prime factors of f?
197
Let w = 462 - 457. Suppose x - 5*h - 99 = 388, -w*x = -h - 2459. List the prime factors of x.
2, 3, 41
Suppose 217*p - 194*p = 151686 + 439184. List the prime factors of p.
2, 5, 7, 367
Let r be 1 + (-2 + 4 - 5). Let t be (19/38)/(r/(-8)). Suppose s - 177 = -t*s. List the prime factors of s.
59
Suppose 13*j + 9355 = 38020. List the prime factors of j.
3, 5, 7
Suppose 263*b - 240*b = 197133. List the prime factors of b.
3, 2857
Suppose 3*x - 3*l - 85813 = -8*x, -3*x + 2*l + 23413 = 0. What are the prime factors of x?
11, 709
Suppose 2*a - 11452 = g, -174*a - 22906 = -178*a + g. What are the prime factors of a?
3, 23, 83
Let j(o) = -3*o**3 + 3*o + 2*o**2 - 2 - o**2 + 0. Let w = -588 + 585. What are the prime factors of j(w)?
79
Let c be (-3)/(-9)*-1*111*-12. Let o = -120 + c. List the prime factors of o.
2, 3
Let y be 4/(-12) - 9464/(-24). Let v = 667 + y. What are the prime factors of v?
1061
Let s = 26 + -22. Suppose -12 = -s*d - 5*z, z + 3*z = 2*d - 6. Suppose -58 = d*p - 322. List the prime factors of p.
2, 11
Let y(c) = 535*c**2 + 3*c + 2. Let m be y(-2). Let f = m - 1168. What are the prime factors of f?
2, 11
Let v = 11620 - 6346. List the prime factors of v.
2, 3, 293
Let l(d) = 13*d**2 - 11*d + 173. List the prime factors of l(9).
7, 23
Suppose -2*d = -3*h + 2, 0 = 2*h + 4*d - 30 + 2. Suppose w - 226 = -5*c, -1259 + 355 = -4*w - h*c. What are the prime factors of 6/12 - w/(-4)?
3, 19
Let q(b) = -b**3 + 7*b**2 - 8*b - 12. Let n be q(3). Suppose n = y + 4*l - 567, 2*l = -5*y + 441 + 2304. What are the prime factors of y?
547
What are the prime factors of -2*((-600)/(-45) + -14)/((-12)/(-358191))?
39799
Suppose 0 = 2*m - 8, 0 = -2*s + m - 0*m - 10. Let r be 26*(s/15)/(2/(-5)). Let v(x) = -x**3 + 15*x**2 - 15*x - 4. List the prime factors of v(r).
139
Suppose 4*d + 0*d - 48 = -4*u, -2*d = -3*u - 39. List the prime factors of 6*(-82*d/(-20) - -2).
3, 127
Suppose 6*v + 1266 - 9270 = 0. Suppose -v + 26 = -3*l + 3*m, 0 = -4*l + 2*m + 1750. List the prime factors of l.
439
Let q be (0 + (-76)/2)*(-2 - 0). Suppose 3*d - q = 65. Suppose d*i + 720 = 51*i. List the prime factors of i.
2, 3, 5
Let g(c) = -1751*c - 17 + 877*c + 6 + 2*c**2 + 878*c. What are the prime factors of g(-14)?
5, 13
Suppose 3*n + 2040 - 609 = 0. Let w = n + 708. List the prime factors of w.
3, 7, 11
Suppose 0 = 48*m - 986470 - 282842. What are the prime factors of m?
2, 11, 601
Let p = -26421 - -66585. List the prime factors of p.
2, 3, 3347
Suppose 0 = 5*m + o - 404, 5*m = -3*o - 133 + 535. Suppose -q - 2*f + 223 = 0, 10*f = -q + 14*f + 253. Suppose 2*h = m + q. What are the prime factors of h?
157
Let a = -9 + 33. Let w be a/10*320/24. Suppose 5*f - 5*h - 9 - 61 = 0, -h = -2*f + w. List the prime factors of f.
2, 3
Suppose 3*c - 101 + 92 = 0. Suppose 5*d - 3*z = 8, 2*d - c*z + 1 + 3 = 0. Let i(w) = 10*w**2 + 8*w - 9. What are the prime factors of i(d)?
3, 61
Let l be (2 + -5 + 1)*-3. Suppose 5*h = 2*o - 235, -3 - l = 3*h. Let y = -16 + o. What are the prime factors of y?
2, 47
Let w(g) = -10*g + 25 + 8*g - 6*g. Let i(a) = -23*a + 75. Let s(m) = -4*i(m) + 11*w(m). What are the prime factors of s(16)?
3, 13
Suppose 0 = 11*f - 222 + 1058. Let q = -35 - f. List the prime factors of q.
41
Let l = -159 - -115. Let z = l + 323. What are the prime factors of z?
3, 31
Suppose -4*w - 3*z + 17494 = 0, -5*w + 2*z - z = -21839. What are the prime factors of w?
17, 257
Let x = 54 - -222. Suppose -t + 4*l = -196, t + 2*l - 4*l = 188. Let d = x - t. Wha